t d(o) = -2*o**3 + 771*o**2 + 2229*o + 1355. Calculate d(-2).
-3
Let t(i) = i**3 + 15*i**2 - 588*i - 2540. Calculate t(-4).
-12
Let k(x) = -326*x - 9046. What is k(-26)?
-570
Let w(r) = -697*r**2 + 200046*r - 2017. What is w(287)?
-8
Let b(n) = -3071*n + 1238. Determine b(1).
-1833
Let n(s) = -s**3 + 34*s**2 - 287*s + 18794. Give n(39).
-4
Let h(t) = t**2 + 433*t + 26025. Calculate h(-361).
33
Let o(m) = 3184*m - 27397. Calculate o(7).
-5109
Let i(u) = -u**2 - 1031*u + 66598. Give i(61).
-14
Let c(p) = p**3 - 33*p**2 + 308*p - 722. Calculate c(19).
76
Let d(y) = -397*y + 47582. Determine d(120).
-58
Let p(f) = -81*f**2 - 159*f - 21. Calculate p(-2).
-27
Let k(f) = -f**3 + 20*f**2 + 437*f - 1480. What is k(-16)?
744
Let c(o) = -o**2 + 69*o - 852. Calculate c(16).
-4
Let i(y) = -y**3 + 288*y**2 - 10*y + 2610. What is i(288)?
-270
Let j(a) = -1602*a - 8985. Calculate j(-7).
2229
Let d(w) = -4302*w**2 + 21434*w - 14. Determine d(5).
-394
Let f(p) = 218*p + 9887. Give f(-46).
-141
Let p(t) = t**3 - 6*t**2 + 68*t - 324. Determine p(7).
201
Let z(y) = 2*y**3 + 5*y**2 - 801*y - 2428. Calculate z(-3).
-34
Let m(y) = -102*y - 1034. Determine m(-5).
-524
Let v(w) = -22231*w**2 + 133386*w + 4. Determine v(6).
4
Let j(a) = -938*a + 6502. Determine j(7).
-64
Let v(s) = 2*s**2 + 427*s - 26019. Determine v(-263).
18
Let o(t) = -47*t**3 - 753*t**2 - 32*t - 195. Give o(-16).
61
Let n(y) = -1192*y**2 - 32163*y + 562. Determine n(-27).
-5
Let g(t) = -3*t**3 - 24*t**2 + 81*t + 395. Give g(-13).
1877
Let s(w) = 2*w**3 + 27*w**2 + 874*w + 11209. Give s(-13).
16
Let c(j) = -j**2 - 75*j + 618. Give c(-98).
-1636
Let c(f) = f**3 + 9*f**2 - 150*f - 622. Determine c(-4).
58
Let o(t) = -4239219*t + 16956885. Calculate o(4).
9
Let g(r) = -36*r**3 - 21*r**2 - 990*r + 3954. What is g(4)?
-2646
Let t(f) = 4*f**2 + 10789*f - 843088. What is t(76)?
-20
Let k(g) = -64979*g + 584811. Give k(9).
0
Let z(q) = 57*q**2 + 105*q - 1906. What is z(-7)?
152
Let j(g) = -20*g**2 + 173*g + 5890. Calculate j(22).
16
Let p(w) = -3*w**2 + 1888*w + 1460155. What is p(1080)?
-5
Let t(p) = 1856*p**2 + 12992*p - 17. Determine t(-7).
-17
Let o(t) = 4657252*t - 51229780. Calculate o(11).
-8
Let q(o) = -o**2 - 279*o - 4997. What is q(-17)?
-543
Let q(k) = -5554*k - 172228. Give q(-31).
-54
Let m(f) = 4700*f - 1992801. What is m(424)?
-1
Let p(v) = v**3 + 7*v**2 + 795*v + 2404. Give p(-3).
55
Let v(k) = 107650*k - 1507083. Give v(14).
17
Let w(l) = l**3 + 88*l**2 - 8892*l + 235. Give w(-148).
2011
Let q(h) = 138611*h - 9009728. Determine q(65).
-13
Let z(g) = -11*g**3 + 187*g**2 + 361*g - 6124. Calculate z(17).
13
Let u(m) = 7*m**3 - 101*m**2 - 850*m + 6. What is u(-6)?
-42
Let h(d) = d**3 - 136*d**2 - 1929*d - 1164. Give h(149).
28
Let c(v) = -83*v + 623. What is c(6)?
125
Let z(k) = 6*k**3 + 26*k**2 - 70*k - 279. Determine z(-5).
-29
Let s(a) = -7*a**2 - 1074*a - 17074. Calculate s(-18).
-10
Let x(p) = -437*p**2 + 5826*p - 6980. Calculate x(12).
4
Let d(u) = 5*u**2 + 40*u - 471. Determine d(8).
169
Let l(h) = -h**3 + 59*h**2 + 129*h - 490. Calculate l(-4).
2
Let d(r) = -1584*r + 371008. Give d(234).
352
Let l(u) = 347*u + 154. Calculate l(-1).
-193
Let y(x) = -x**3 + 17*x**2 + 242*x - 4482. What is y(16)?
-354
Let k(s) = -39589*s - 8353290. Determine k(-211).
-11
Let m(o) = 412*o**2 + 100*o - 61. What is m(0)?
-61
Let t(g) = g**3 + 6*g**2 + 58*g + 292. Calculate t(-5).
27
Let q(c) = -3*c**3 - 70*c**2 + 1123*c - 3573. Give q(-35).
-3
Let d(p) = 476*p - 172216. What is d(359)?
-1332
Let p(q) = 35404*q + 3080166. Determine p(-87).
18
Let w(h) = 12*h**2 + 856*h - 3270. What is w(-75)?
30
Let a(w) = -8423*w + 48461. What is a(6)?
-2077
Let r(v) = -v**3 - 253*v**2 - 3*v + 1062. Calculate r(-253).
1821
Let l(h) = h**3 - 104*h**2 + 1559*h - 877. Determine l(86).
69
Let m(i) = -381*i - 122766. Calculate m(-322).
-84
Let i(z) = -4*z**3 + 317*z**2 - 1562*z + 573. What is i(74)?
-19
Let g(t) = -117593*t - 352743. What is g(-3)?
36
Let i(g) = 120068*g + 480257. Give i(-4).
-15
Let u(i) = 87*i**2 + 5*i + 403. Give u(-5).
2553
Let m(k) = 39977*k - 4397475. What is m(110)?
-5
Let f(g) = -109*g - 14199. Calculate f(-130).
-29
Let v(t) = -5*t**2 + 2789*t - 200949. Give v(85).
-9
Let k(c) = 195*c - 10009. What is k(58)?
1301
Let q(y) = 5429*y + 11. Determine q(0).
11
Let o(i) = 586*i**2 - 232*i + 144. Determine o(1).
498
Let g(d) = 5*d**2 - 122*d - 1049. Calculate g(33).
370
Let u(x) = -2656*x - 682570. Calculate u(-257).
22
Let k(g) = g**3 - 100*g**2 + 67*g + 3183. Determine k(99).
15
Let c(s) = 226*s**3 - 45*s**2 - 90*s + 3. Give c(-2).
-1805
Let z(i) = -1827*i - 29292. Give z(-16).
-60
Let f(j) = 62*j**3 + 4*j**2 - 13*j + 8. What is f(2)?
494
Let h(q) = 75451*q - 679053. What is h(9)?
6
Let c(r) = 2*r**3 - 9*r**2 - 7703*r + 53883. What is c(7)?
207
Let p(z) = 2*z**2 + 241*z + 1651. Determine p(-7).
62
Let u(f) = 8*f**2 + 2022*f - 138332. Determine u(56).
-12
Let n(q) = -2*q**3 + 513*q**2 - 1206*q - 16312. Give n(254).
-56
Let t(z) = 301*z + 21055. Calculate t(-70).
-15
Let v(i) = -22374*i**2 + i - 6. Give v(0).
-6
Let q(f) = -2583*f**2 + 244*f + 241. Determine q(-1).
-2586
Let d(v) = v**3 + 219*v**2 + 774*v - 18381. Give d(-215).
109
Let y(u) = 14*u**3 + 44*u**2 - 47*u + 40. Determine y(-7).
-2277
Let r(s) = -84*s - 8077. Calculate r(-97).
71
Let j(d) = -d**2 + 2486*d - 61522. Give j(25).
3
Let i(h) = 66755*h - 667527. What is i(10)?
23
Let i(w) = -4*w**3 - 185*w**2 + 2653*w + 118061. Give i(-47).
-3
Let d(k) = 268639*k**2 + 1611835*k + 4. Calculate d(-6).
-2
Let y(n) = -n**3 - 12*n**2 + 307*n - 1747. Calculate y(8).
-571
Let v(i) = -2*i**2 + 5333*i + 172683. Calculate v(-32).
-21
Let l(u) = u**3 + 85*u**2 + 1091*u - 37. Determine l(-16).
171
Let a(j) = 1238*j + 8623. Determine a(-7).
-43
Let s(i) = -114667*i - 1146658. Give s(-10).
12
Let k(m) = 86*m + 7509. Calculate k(-97).
-833
Let q(m) = 47677*m + 15638035. Calculate q(-328).
-21
Let o(x) = 4387*x + 3610496. What is o(-823)?
-5
Let k(y) = 4*y**3 - 8*y**2 - 148*y + 909. Calculate k(7).
853
Let b(w) = -29*w**3 - 1538*w**2 - 59*w - 102. Determine b(-53).
216
Let r(s) = -7*s**3 + 621*s**2 + 783*s + 2421. Determine r(90).
-9
Let w(v) = 6711*v - 12978. Determine w(2).
444
Let f(u) = -4*u**2 - 1072*u + 842106. What is f(344)?
-6
Let n(w) = -1248*w - 67886. Calculate n(-54).
-494
Let b(n) = 2180*n - 159114. Calculate b(73).
26
Let l(z) = 13*z**2 + 276*z - 8494. Determine l(17).
-45
Let g(o) = -261140*o + 522240. Give g(2).
-40
Let w(i) = -3100*i - 3084. Calculate w(-1).
16
Let l(s) = 521*s - 7692. Determine l(15).
123
Let d(l) = -2363*l**2 - 61443*l + 247. What is d(-26)?
377
Let q(z) = 598*z + 12935. Give q(-22).
-221
Let b(p) = 4*p**3 - 16*p**2 - 37*p + 17. Calculate b(3).
-130
Let q(w) = -2*w**2 - 152*w + 1869. Give q(11).
-45
Let v(i) = i**3 + 42*i**2 - 74*i + 181. What is v(-44)?
-435
Let g(w) = -472*w + 4532. Determine g(14).
-2076
Let j(v) = -v**3 - 215*v**2 - 1264*v + 5. Determine j(-6).
65
Let k(o) = 12*o**3 + 5*o**2 - 203*o + 1540. Give k(7).
4480
Let u(g) = -15*g**3 - 84*g**2 - 14*g - 17. Give u(-6).
283
Let y(c) = -c**2 - 247*c - 16925. Give y(-68).
-4753
Let n(l) = 2*l**3 + 35*l**2 - 395*l + 3191. Give n(-27).
5
Let f(h) = -87781*h + 42573780. Calculate f(485).
-5
Let l(m) = m**3 + 211*m**2 - 407*m + 4067. What is l(-213)?
20
Let m(l) = -3562*l + 74821. Calculate m(21).
19
Let i(l) = -l**3 - 223*l**2 + 1511*l + 183. Determine i(7).
-510
Let w(y) = y**3 + 53*y**2 + 597*y + 41. Determine w(-16).
-39
Let b(v) = 3377*v - 34570. What is b(10)?
-800
Let l(g) = -14230*g + 1906800. Determine l(134).
-20
Let x(p) = -p**3 - 8*p**2 + 412*p + 199. Determine x(-26).
1655
Let x(s) = -36032*s - 216197. Calculate x(-6).
-5
Let p(n) = n**2 + 3*n - 2352. Give p(47).
-2
Let g(z) = 225*z + 5208. Determine g(-23).
33
Let p(c) = -18840*c - 18844. What is p(-1)?
-4
Let s(b) = 5*b**2 + 1163*b - 36490. What is s(28)?
-6
Let p(i) = -12225*i + 183210. What is p(15)?
-165
Let p(q) = 274*q**2 - 4141*q + 15066. Give p(9).
-9
Let n(c) = 2054*c + 20681. Give n(-10).
141
Let l(w) = -w**2 - 2928*w - 35003. What is l(-12)?
-11
Let r(a) = 93*a**3 + 521*a**2 - 522*a + 3. Calculate r(1).
95
Let u(q) = -q**2 + 84*q - 1402. Calculate u(26).
106
Let b(d) = 2*d**3 + 61*d**2 + 382*d - 294. De